{"id":35,"date":"2022-04-12T15:38:26","date_gmt":"2022-04-12T13:38:26","guid":{"rendered":"https:\/\/sklepik.rayo.pl\/?post_type=product&#038;p=35"},"modified":"2022-04-25T10:04:58","modified_gmt":"2022-04-25T08:04:58","slug":"laptop-microsoft-surface-laptop-4-13-5-ryzen-5-4680u-8gb-256gb-ssd-int-win10h-platynowy","status":"publish","type":"product","link":"https:\/\/sklepik.rayo.pl\/?product=laptop-microsoft-surface-laptop-4-13-5-ryzen-5-4680u-8gb-256gb-ssd-int-win10h-platynowy","title":{"rendered":"MICROSOFT Surface Laptop 4 13.5 i5-1135G7\/8GB\/512GB SSD\/INT\/Win10H Platynowy"},"content":{"rendered":"<div class=\"product-menu-description\" data-v-bde5137a=\"\" data-v-60f929e3=\"\">\n<div class=\"product-show-description\" data-v-52a6a292=\"\" data-v-bde5137a=\"\">\n<div class=\"content is-expanded\" data-v-52a6a292=\"\">\n<div data-v-52a6a292=\"\">\n<div data-v-52a6a292=\"\">\n<div class=\"column editorContent\" data-edit-id=\"3410706\">\n<div class=\"row clearfix2 layer_element\">\n<div class=\"cells_holder clearfix2\">\n<div class=\"js-widget_holder static_configuration static_widget html_widget layer_element\" data-currentview=\"1\" data-top=\"0%:0%:0%:0%\" data-left=\"0%:0%:0%:0%\" data-top-percent=\"0%:0%:0%:0%\" data-left-percent=\"0%:0%:0%:0%\" data-width=\"100%:100%:100%:100%\" data-height=\"auto:auto:auto:auto\" data-view=\"lg:1, md:1, sm:1, xs:1\" data-parent-height=\"0\">\n<div class=\"widget html_editor\">\n<div id=\"mw_ebp\" data-page_ebp=\"Surface-Do-WITHOUT-COLOR_Platinum-13-5_PL-PL\">\n<div id=\"mc_ebp\">\n<div data-ebp=\"y\">\n<div id=\"kv-11_ssis\" class=\"section_ssis\" data-exported_ebp=\"true\">\n<div class=\"container_ssis mw-1440_ssis px-0_ssis\">\n<div class=\"herobox_ssis d-flex_ssis flex-column_ssis px-5_ssis py-3_ssis\"><\/div>\n<\/div>\n<\/div>\n<\/div>\n<div data-ebp=\"y\">\n<div id=\"kv-do_ssis\" class=\"section_ssis\" data-exported_ebp=\"true\">\n<div class=\"container_ssis mw-1440_ssis px-0_ssis\">\n<div class=\"herobox_ssis\">\n<div class=\"imgbox_ssis\"><img decoding=\"async\" class=\"d-none_ssis d-sm-block_ssis img-fluid_ssis is-loaded is-animated\" src=\"https:\/\/mediamarkt.pl\/media\/cache\/resolve\/filemanager_original\/images\/desc\/21\/21494420\/img_2a_yrmkkprgunqu.jpg\" alt=\"\" data-src=\"\" \/><\/div>\n<div class=\"copybox_ssis px-3_ssis pl-md-5_ssis mt-3_ssis mt-sm-0_ssis\">\n<p><img decoding=\"async\" class=\"logo-img_ssis is-loaded is-animated\" src=\"https:\/\/mediamarkt.pl\/media\/cache\/resolve\/filemanager_original\/images\/desc\/21\/21494420\/logo_msft_fzfilstaibsp.png\" alt=\"\" data-src=\"\" \/><\/p>\n<div class=\"text-container_ssis\">\n<h5>Nowy Surface Laptop 4<\/h5>\n<p class=\"subhead-contain_ssis\">Stylowy i szybki<\/p>\n<p>Idealn\u0105 r\u00f3wnowag\u0119 mi\u0119dzy eleganckim, niesamowicie smuk\u0142ym designem i b\u0142yskawicznym wykonywaniem wielu zada\u0144 po\u0142\u0105czono z lepsz\u0105 o 70% wydajno\u015bci\u0105, kt\u00f3ra teraz przek\u0142ada si\u0119 na nawet 19 godz. czasu pracy baterii<sup>2<\/sup>.<\/p>\n<\/div>\n<\/div>\n<\/div>\n<\/div>\n<\/div>\n<\/div>\n<div data-ebp=\"y\">\n<div id=\"text-left-do-2_ssis\" class=\"section_ssis\" data-exported_ebp=\"true\">\n<div class=\"container_ssis mw-1440_ssis px-0_ssis\">\n<div class=\"herobox_ssis\">\n<div class=\"imgbox_ssis\"><img decoding=\"async\" class=\"d-none_ssis d-sm-block_ssis dt-img img-fluid_ssis is-loaded is-animated\" src=\"https:\/\/mediamarkt.pl\/media\/cache\/resolve\/filemanager_original\/images\/desc\/21\/21494420\/dt_vhneholylguz.png\" alt=\"\" data-src=\"\" \/><\/div>\n<div class=\"copybox_ssis px-4_ssis\">\n<div class=\"text-container_ssis\">\n<h5>Smuk\u0142a, lekka i elegancka konstrukcja<\/h5>\n<p class=\"subhead-contain_ssis\">Smuk\u0142a, elegancka konstrukcja z niewidocznym i dzia\u0142aj\u0105cym p\u0142ynnie zawiasem, dzi\u0119ki kt\u00f3remu otwierasz komputer jednym palcem.<\/p>\n<\/div>\n<\/div>\n<\/div>\n<\/div>\n<\/div>\n<\/div>\n<div data-ebp=\"y\">\n<div id=\"carousel-do-no-js_ssis\" class=\"section_ssis\" data-exported_ebp=\"true\">\n<div class=\"container_ssis\">\n<div id=\"carousel-do-no-js\">\n<div class=\"static-carousel\" role=\"listbox\">\n<div class=\"carousel-static-item_ssis active_ssis\">\n<p><img decoding=\"async\" class=\"bg-desktop_ssis is-loaded is-animated\" src=\"https:\/\/mediamarkt.pl\/media\/cache\/resolve\/filemanager_original\/images\/opisy_produktow\/komputery\/notebooki\/microsoft\/surface_laptop_4\/ryzen2.jpg\" alt=\"\" data-src=\"\" \/><\/p>\n<div class=\"text-wrapper_ssis\">\n<h5>Wydajno\u015b\u0107 nast\u0119pnej generacji<\/h5>\n<p>Znajduj\u0105cy si\u0119 wewn\u0105trz procesor AMD Ryzen? 5 4680U<sup>3<\/sup> umo\u017cliwia szybkie prze\u0142\u0105czanie kart w przegl\u0105darce i zapewnia wydajniejsz\u0105 prac\u0119 program\u00f3w oraz sprawniejsze wykonywanie zada\u0144.<\/p>\n<\/div>\n<\/div>\n<div class=\"carousel-static-item_ssis\">\n<p><img decoding=\"async\" class=\"bg-desktop_ssis is-loaded is-animated\" src=\"https:\/\/mediamarkt.pl\/media\/cache\/resolve\/filemanager_original\/images\/desc\/21\/21494420\/img-2-platinum-135.jpg\" alt=\"\" data-src=\"\" \/><\/p>\n<div class=\"text-wrapper_ssis\">\n<h5>Do wyboru masz dwa rozmiary<\/h5>\n<p>Wybierz jeden z dw\u00f3ch rozmiar\u00f3w: lekk\u0105 i przeno\u015bn\u0105 wersj\u0119 z 13,5-calowym ekranem lub wi\u0119ksz\u0105, 15-calow\u0105 idealn\u0105 do wykonywania wielu zada\u0144 naraz.<\/p>\n<\/div>\n<\/div>\n<div class=\"carousel-static-item_ssis\">\n<p><img decoding=\"async\" class=\"bg-desktop_ssis is-loaded is-animated\" src=\"https:\/\/mediamarkt.pl\/media\/cache\/resolve\/filemanager_original\/images\/desc\/21\/21494420\/img-3-platinum-135.jpg\" alt=\"\" data-src=\"\" \/><\/p>\n<div class=\"text-wrapper_ssis\">\n<h5>Wygoda i praktyczno\u015b\u0107<\/h5>\n<p>Zyskaj moc, by dzia\u0142a\u0107 kreatywnie w ka\u017cdym miejscu. Zapewni Ci j\u0105 bateria, kt\u00f3ra starcza na ca\u0142y dzie\u0144, bo zasila przez nawet 19 godz.<sup>2<\/sup>, szybkie \u0142adowanie i niezr\u00f3wnany komfort pisania.<\/p>\n<\/div>\n<\/div>\n<div class=\"carousel-static-item_ssis\">\n<p><img decoding=\"async\" class=\"bg-desktop_ssis is-loaded is-animated\" src=\"https:\/\/mediamarkt.pl\/media\/cache\/resolve\/filemanager_original\/images\/desc\/21\/21494420\/img-4-platinum-135.jpg\" alt=\"\" data-src=\"\" \/><\/p>\n<div class=\"text-wrapper_ssis\">\n<h5>Najlepsze rozwi\u0105zania Microsoft, wszystkie razem<\/h5>\n<p>Zyskaj moc, by dzia\u0142a\u0107 kreatywnie, pracuj p\u0142ynnie na wielu urz\u0105dzeniach w us\u0142udze Microsoft 365* i zacznij korzysta\u0107 od razu z systemu Windows, kt\u00f3ry znasz.<\/p>\n<\/div>\n<\/div>\n<\/div>\n<\/div>\n<\/div>\n<\/div>\n<\/div>\n<div data-ebp=\"y\">\n<div id=\"hotspots-do-no-js_ssis\" class=\"section_ssis\" data-exported_ebp=\"true\">\n<div class=\"container_ssis\">\n<div id=\"carousel-do\" class=\"carousel_ssis slide_ssis carousel-fade_ssis\">\n<div class=\"carousel-inner_ssis\" role=\"listbox\">\n<div class=\"carousel-item_ssis active_ssis\"><img decoding=\"async\" class=\"background-dt-picture_ssis is-loaded is-animated\" src=\"https:\/\/mediamarkt.pl\/media\/cache\/resolve\/filemanager_original\/images\/desc\/21\/21494420\/hotspot--platinum-13-5.jpg\" alt=\"\" data-src=\"\" \/><\/div>\n<\/div>\n<div class=\"single-hotspot_ssis active_ssis hotspot-left_ssis\" data-hotspot_ebp=\"1\"><\/div>\n<\/div>\n<\/div>\n<\/div>\n<\/div>\n<\/div>\n<\/div>\n<\/div>\n<\/div>\n<\/div>\n<\/div>\n<\/div>\n<\/div>\n<\/div>\n<\/div>\n<\/div>\n<\/div>\n<div class=\"single-hotspot_ssis active_ssis hotspot-left_ssis\" data-hotspot_ebp=\"1\">\n<div class=\"hot-box_ssis\">\n<h5>Wyr\u00f3\u017cnij si\u0119<\/h5>\n<p>Kamera przednia o rozdzielczo\u015bci 720p i mikrofony studyjne dbaj\u0105 o to, by by\u0142o s\u0142ycha\u0107 Ci\u0119 g\u0142o\u015bno i wyra\u017anie.<\/p>\n<\/div>\n<\/div>\n<div class=\"single-hotspot_ssis active_ssis hotspot-left_ssis\" data-hotspot_ebp=\"2\"><span style=\"font-size: 24px;font-weight: bold;letter-spacing: -0.0415625em\">Uwolnij si\u0119 od ogranicze\u0144 klawiatury<\/span><\/div>\n<div class=\"single-hotspot_ssis active_ssis hotspot-left_ssis\" data-hotspot_ebp=\"2\">\n<div class=\"hot-box_ssis\">\n<p>Ekran dotykowy zachwycaj\u0105cego kolorami wy\u015bwietlacza PixelSense? jest inspiracj\u0105, kt\u00f3ra pozwoli Ci tworzy\u0107 bez ogranicze\u0144 stawianych przez specyfik\u0119 pracy z klawiatur\u0105.<\/p>\n<\/div>\n<\/div>\n<div class=\"single-hotspot_ssis active_ssis hotspot-top_ssis\" data-hotspot_ebp=\"3\"><span style=\"font-size: 24px;font-weight: bold;letter-spacing: -0.0415625em\">Wszystkie z\u0142\u0105cza<\/span><\/div>\n<div class=\"single-hotspot_ssis active_ssis hotspot-top_ssis\" data-hotspot_ebp=\"3\">\n<div class=\"hot-box_ssis\">\n<p>Porty USB-C? i USB-A pozwalaj\u0105 Ci pod\u0142\u0105czy\u0107 wszystkie potrzebne akcesoria.<\/p>\n<\/div>\n<\/div>\n<div class=\"single-hotspot_ssis active_ssis hotspot-right_ssis\" data-hotspot_ebp=\"4\"><span style=\"font-size: 24px;font-weight: bold;letter-spacing: -0.0415625em\">Pozw\u00f3l sobie na odrobin\u0119 komfortu<\/span><\/div>\n<div class=\"single-hotspot_ssis active_ssis hotspot-right_ssis\" data-hotspot_ebp=\"4\">\n<div class=\"hot-box_ssis\">\n<p>Ta klawiatura wyr\u00f3\u017cnia si\u0119 zoptymalizowanym skokiem klawiszy i czasem reakcji, kt\u00f3re przek\u0142adaj\u0105 si\u0119 na najwy\u017cszy w bran\u017cy komfort pisania.<\/p>\n<\/div>\n<\/div>\n<div class=\"single-hotspot_ssis active_ssis hotspot-right_ssis\" data-hotspot_ebp=\"5\"><span style=\"font-size: 24px;font-weight: bold;letter-spacing: -0.0415625em\">Nawiguj z precyzj\u0105<\/span><\/div>\n<div data-ebp=\"y\">\n<div id=\"hotspots-do-no-js_ssis\" class=\"section_ssis\" data-exported_ebp=\"true\">\n<div class=\"container_ssis\">\n<div id=\"carousel-do\" class=\"carousel_ssis slide_ssis carousel-fade_ssis\">\n<div class=\"single-hotspot_ssis active_ssis hotspot-right_ssis\" data-hotspot_ebp=\"5\">\n<div class=\"hot-box_ssis\">\n<p>Du\u017cy trackpad umo\u017cliwia \u0142atwiejsz\u0105 nawigacj\u0119 i zapewnia wy\u017cszy poziom precyzji, co z kolei zwi\u0119ksza komfort u\u017cytkowania.<\/p>\n<\/div>\n<\/div>\n<\/div>\n<\/div>\n<\/div>\n<\/div>\n<div data-ebp=\"y\">\n<div id=\"personalize-4-silas_ssis\" class=\"section_ssis\" data-exported_ebp=\"true\">\n<div class=\"container_ssis mw-1440_ssis p-0_ssis\">\n<div class=\"container_ssis mw-1440_ssis px-0_ssis\">\n<div class=\"d-flex_ssis justify-content-center_ssis\">\n<div class=\"d-flex_ssis flex-column_ssis text-center_ssis px-4_ssis\"><img decoding=\"async\" class=\"img-fluid_ssis align-self-center_ssis my-lg-4_ssis mw-md-420_ssis mw-lg-375_ssis is-loaded is-animated\" style=\"letter-spacing: -0.015em\" src=\"https:\/\/mediamarkt.pl\/media\/cache\/resolve\/filemanager_original\/images\/desc\/21\/21494420\/img_13_hcrpicccranx.jpg\" alt=\"\" data-src=\"\" \/><\/div>\n<\/div>\n<div class=\"row_ssis mx-0_ssis px-5_ssis flex-wrapper-silas_ssis\">\n<div class=\"col-12_ssis col-lg-3_ssis text-center_ssis text-lg-left_ssis my-3_ssis my-lg-0_ssis silas-product_ssis\">\n<div class=\"d-flex_ssis flex-column_ssis px-3_ssis h-100_ssis\">\n<h3>Microsoft 365<\/h3>\n<p class=\"mb-3_ssis\">Gdy masz na swoim komputerze Surface us\u0142ug\u0119 Microsoft 365*, mo\u017cesz \u0142atwiej ni\u017c kiedykolwiek pisa\u0107, projektowa\u0107 i udost\u0119pnia\u0107 bez problem\u00f3w na r\u00f3\u017cnych urz\u0105dzeniach.<\/p>\n<\/div>\n<\/div>\n<\/div>\n<\/div>\n<\/div>\n<\/div>\n<\/div>\n","protected":false},"excerpt":{"rendered":"<p>Nowy Surface Laptop 4 Stylowy i szybki Idealn\u0105 r\u00f3wnowag\u0119 mi\u0119dzy eleganckim, niesamowicie smuk\u0142ym designem i b\u0142yskawicznym wykonywaniem wielu zada\u0144 po\u0142\u0105czono z lepsz\u0105 o 70% wydajno\u015bci\u0105, kt\u00f3ra teraz przek\u0142ada si\u0119 na nawet 19 godz. czasu pracy baterii2. Smuk\u0142a, lekka i elegancka konstrukcja Smuk\u0142a, elegancka konstrukcja z niewidocznym i dzia\u0142aj\u0105cym p\u0142ynnie zawiasem, dzi\u0119ki kt\u00f3remu otwierasz komputer jednym [&hellip;]<\/p>\n","protected":false},"featured_media":38,"template":"","meta":[],"product_cat":[28,29],"product_tag":[32,31],"_links":{"self":[{"href":"https:\/\/sklepik.rayo.pl\/index.php?rest_route=\/wp\/v2\/product\/35"}],"collection":[{"href":"https:\/\/sklepik.rayo.pl\/index.php?rest_route=\/wp\/v2\/product"}],"about":[{"href":"https:\/\/sklepik.rayo.pl\/index.php?rest_route=\/wp\/v2\/types\/product"}],"wp:featuredmedia":[{"embeddable":true,"href":"https:\/\/sklepik.rayo.pl\/index.php?rest_route=\/wp\/v2\/media\/38"}],"wp:attachment":[{"href":"https:\/\/sklepik.rayo.pl\/index.php?rest_route=%2Fwp%2Fv2%2Fmedia&parent=35"}],"wp:term":[{"taxonomy":"product_cat","embeddable":true,"href":"https:\/\/sklepik.rayo.pl\/index.php?rest_route=%2Fwp%2Fv2%2Fproduct_cat&post=35"},{"taxonomy":"product_tag","embeddable":true,"href":"https:\/\/sklepik.rayo.pl\/index.php?rest_route=%2Fwp%2Fv2%2Fproduct_tag&post=35"}],"curies":[{"name":"wp","href":"https:\/\/api.w.org\/{rel}","templated":true}]}}