{"id":80,"date":"2022-04-13T14:52:04","date_gmt":"2022-04-13T12:52:04","guid":{"rendered":"https:\/\/sklepik.rayo.pl\/?post_type=product&#038;p=80"},"modified":"2022-04-20T13:44:26","modified_gmt":"2022-04-20T11:44:26","slug":"laptop-asus-vivobook-k3500pc-15-6","status":"publish","type":"product","link":"https:\/\/sklepik.rayo.pl\/?product=laptop-asus-vivobook-k3500pc-15-6","title":{"rendered":"Laptop ASUS VivoBook K3500PC 15.6"},"content":{"rendered":"<table width=\"274\">\n<tbody>\n<tr>\n<td width=\"274\">\n<div class=\"opis_market\">\n<div class=\"mainWidth_v\">\n<div class=\"prawa\">\n<h5>Wyra\u017a swoj\u0105 kreatywn\u0105 wizj\u0119<\/h5>\n<p><img decoding=\"async\" class=\"indiana_img has-lazy-load is-loaded\" src=\"https:\/\/www.mediaexpert.pl\/media\/cache\/resolve\/filemanager_original\/images\/descriptions\/images\/32\/3284938\/storage_app_opisy2_asus_448770\/laptop_asus_vivobook_k3500pc_0_laptop_oled.jpg\" data-adafir-ll=\"1\" \/><\/p>\n<\/div>\n<\/div>\n<\/div>\n<div class=\"opis_market\">\n<div class=\"mainWidth_v\">\n<div class=\"prawa\">\n<h5>Dla kogo jest przeznaczony?<\/h5>\n<p>DLA TW\u00d3RC\u00d3W\u00a0&#8211; Du\u017cy ekran, pe\u0142ne spektrum wy\u015bwietlanych barw i wysoka wydajno\u015b\u0107 gwarantuj\u0105 bezproblemowe dzia\u0142anie program\u00f3w graficznych i wielu innych.<\/p>\n<p>DLA SPECJALIST\u00d3W IT\u00a0&#8211; Wydajna karta graficzna i szybki procesor sprawdz\u0105 si\u0119 w pracy na du\u017cych plikach i bazach danych.<\/p>\n<p><img decoding=\"async\" class=\"has-lazy-load is-loaded\" src=\"https:\/\/www.mediaexpert.pl\/media\/cache\/resolve\/filemanager_original\/images\/descriptions\/images\/32\/3284938\/storage_app_opisy2_asus_448770\/laptop_asus_vivobook_k3500pc_1_laptop_oled.jpg\" alt=\"Laptop ASUS VivoBook K3500PC - Laptop OLED \" data-adafir-ll=\"1\" \/><\/p>\n<\/div>\n<\/div>\n<\/div>\n<div class=\"opis_market\">\n<div class=\"mainWidth_v\">\n<div class=\"prawa\">\n<h5>Odkryj now\u0105 wizj\u0119 \u015bwiata<\/h5>\n<p>Rozszerz swoj\u0105 wizj\u0119 i ciesz si\u0119 ca\u0142kowit\u0105 immersj\u0105 niesamowitego ekranu o proporcjach 16:9 zintegrowanego w laptopie\u00a0Vivobook Pro 15 OLED. Ten ekran FHD OLED NanoEdge jest wyj\u0105tkowo jasny ?\u00a0do 600 nit\u00f3w\u00a0? i wyr\u00f3\u017cnia si\u0119\u00a084% stosunkiem wielko\u015bci ekranu do obudowy\u00a0oraz\u00a0100% pokryciem przestrzeni barw DCI-P3 dla zagwarantowania ultra\u017cywych kolor\u00f3w. Ponadto posiada certyfikacj\u0119\u00a0PANTONE\u00a0dla precyzji wy\u015bwietlania kolor\u00f3w na poziomie profesjonalnym oraz certyfikacj\u0119 niskich emisji \u015bwiat\u0142a niebieskiego przyznan\u0105 przez T\u00dcV Rheinland.\u00a0Vivobook Pro 15 OLED\u00a0poprowadzi Ci\u0119 na Twojej kreatywnej drodze, oferuj\u0105c \u015bwie\u017ce, nowe wra\u017cenia wizualne.<\/p>\n<p><img decoding=\"async\" class=\"has-lazy-load is-loaded\" src=\"https:\/\/www.mediaexpert.pl\/media\/cache\/resolve\/filemanager_original\/images\/descriptions\/images\/32\/3284938\/storage_app_opisy2_asus_448770\/laptop_asus_vivobook_k3500pc_2_fhd_oled_nanoedge.jpg\" alt=\"Laptop ASUS VivoBook K3500PC - FHD OLED NanoEdge\" data-adafir-ll=\"1\" \/><\/p>\n<\/div>\n<\/div>\n<\/div>\n<div class=\"clear_box\"><\/div>\n<div class=\"opis_market\">\n<div class=\"mainWidth_v\">\n<div class=\"prawa\">\n<h5>5 powod\u00f3w, dla kt\u00f3rych warto wybra\u0107 laptopy ASUS OLED<\/h5>\n<p>100% DCI-P3\u00a0? najlepsza przestrze\u0144 barw w tej klasie sprz\u0119towej. \u017bywy obraz do precyzyjnego tworzenia tre\u015bci, pracy z kolorami oraz rozrywki z intensywnymi brawami.<\/p>\n<p>O 70% mniej szkodliwego niebieskiego \u015bwiat\u0142a. Dzi\u0119ki ni\u017cszym poziomom emisji szkodliwego niebieskiego \u015bwiat\u0142a wy\u015bwietlacze\u00a0OLED\u00a0s\u0105 bardziej przyjazne dla oczu i zapewniaj\u0105 lepszy sen.<\/p>\n<p>Wyra\u017aniejszy obraz przy ka\u017cdym poziomie jasno\u015bci.\u00a0Bogate kolory nawet przy niskiej jasno\u015bci\u00a0? zawsze osza\u0142amiaj\u0105cy obraz.<\/p>\n<p>Technologia\u00a0DisplayHDR 500 True Black. Dzi\u0119ki wy\u015bwietlaniu g\u0142\u0119bokich czerni zobaczysz wcze\u015bniej niedostrzegalne detale w ciemnych scenach film\u00f3w.<\/p>\n<p>0,2 ms ? najkr\u00f3tszy czas reakcji spo\u015br\u00f3d wszystkich laptop\u00f3w. Sceny akcji bez rozmycia obrazu w filmach i grach, a tak\u017ce p\u0142ynne przewijanie tekstu.<\/p>\n<p><img decoding=\"async\" class=\"has-lazy-load is-loaded\" src=\"https:\/\/www.mediaexpert.pl\/media\/cache\/resolve\/filemanager_original\/images\/descriptions\/images\/32\/3284938\/storage_app_opisy2_asus_448770\/laptop_asus_vivobook_k3500pc_3_displayhdr.jpg\" alt=\"Laptop ASUS VivoBook K3500PC - DisplayHDR \" data-adafir-ll=\"1\" \/><\/p>\n<\/div>\n<\/div>\n<\/div>\n<div class=\"opis_market\">\n<div class=\"mainWidth_v\">\n<div class=\"prawa\">\n<h5>Nieograniczone mo\u017cliwo\u015bci<\/h5>\n<p>Vivobook Pro 15 OLED\u00a0jest gotowy, aby towarzyszy\u0107 Ci w Twojej odkrywczej podr\u00f3\u017cy. Niezale\u017cnie od tego, co chcesz robi\u0107 ? surfowa\u0107 w Internecie, tworzy\u0107 tre\u015bci, a mo\u017ce gra\u0107 ? najnowszy procesor\u00a0Intel 11-stej generacji z serii H\u00a0wraz z kart\u0105 graficzn\u0105\u00a0NVIDIA GeForce RTX 3050, maksymalnie\u00a016 GB pami\u0119ci\u00a0oraz\u00a0dyskiem SSD PCIe\u00a0gwarantuj\u0105, \u017ce dysponujesz moc\u0105 obliczeniow\u0105 potrzebn\u0105 do wyzwolenia Twojej wizualnej kreatywno\u015bci. Karty graficzne\u00a0GeForce RTX\u00a0zapewniaj\u0105 nap\u0119dzane sprz\u0119towo technologie ray tracingu oraz SI dla tw\u00f3rc\u00f3w tre\u015bci, kt\u00f3rzy wymagaj\u0105 wydajno\u015bci na wy\u017cszym poziomie. Renderuj szybciej, strumieniuj wyra\u017aniejszy obraz i edytuj filmy jeszcze lepiej, korzystaj\u0105c z kart graficznych\u00a0NVIDIA\u00a0w laptopach.<\/p>\n<p><img decoding=\"async\" class=\"has-lazy-load is-loaded\" src=\"https:\/\/www.mediaexpert.pl\/media\/cache\/resolve\/filemanager_original\/images\/descriptions\/images\/32\/3284938\/storage_app_opisy2_asus_448770\/laptop_asus_vivobook_k3500pc_4_nvidia_geforce_rtx.jpg\" alt=\"Laptop ASUS VivoBook K3500PC - NVIDIA GeForce RTX\" data-adafir-ll=\"1\" \/><\/p>\n<\/div>\n<\/div>\n<\/div>\n<div class=\"clear_box\"><\/div>\n<div class=\"opis_market\">\n<div class=\"mainWidth_v\">\n<div class=\"prawa\">\n<h5>Zaprojektowany, aby zachwyca\u0107<\/h5>\n<p>Zerwij ze zwyczajno\u015bci\u0105, powitaj\u00a0Vivobooka. Wyj\u0105tkowe tr\u00f3jwymiarowe logo\u00a0ASUS\u00a0z anodyzowanym wzorem w jode\u0142k\u0119 i wyczuwaln\u0105 w dotyku tekstur\u0105 zapewnia emocje nawet przed otwarciem pokrywy. Odkryj wi\u0119cej i zobacz, jak przykuwaj\u0105cy uwag\u0119 styl zosta\u0142 zastosowany r\u00f3wnie\u017c pod pokryw\u0105, gdzie centralne miejsce zajmuje klawisz Enter z ostrzegawczymi paskami.<\/p>\n<p><img decoding=\"async\" class=\"has-lazy-load is-loaded\" src=\"https:\/\/www.mediaexpert.pl\/media\/cache\/resolve\/filemanager_original\/images\/descriptions\/images\/32\/3284938\/storage_app_opisy2_asus_448770\/laptop_asus_vivobook_k3500pc_5_styl.jpg\" alt=\"Laptop ASUS VivoBook K3500PC - styl\" data-adafir-ll=\"1\" \/><\/p>\n<\/div>\n<\/div>\n<\/div>\n<div class=\"opis_market\">\n<div class=\"mainWidth_v\">\n<div class=\"prawa\">\n<h5>Gotowy do u\u017cycia w ka\u017cdym miejscu<\/h5>\n<p>Z laptopem\u00a0Vivobook Pro 15 OLED\u00a0masz zapewnion\u0105 produktywno\u015b\u0107 i rozrywk\u0119 ? r\u00f3wnie\u017c b\u0119d\u0105c w drodze. Dzi\u0119ki \u0142\u0105cznej masie wynosz\u0105cej tylko\u00a01,65 kg\u00a0mo\u017cesz \u0142atwo wsun\u0105\u0107\u00a0Vivobook Pro 15 OLED\u00a0do swojego plecaka i wsz\u0119dzie go ze sob\u0105 zabiera\u0107. Ruszaj wi\u0119c w \u015bwiat i poka\u017c wszystkim sw\u00f3j prawdziwy charakter.<\/p>\n<p><img decoding=\"async\" class=\"has-lazy-load is-loaded\" src=\"https:\/\/www.mediaexpert.pl\/media\/cache\/resolve\/filemanager_original\/images\/descriptions\/images\/32\/3284938\/storage_app_opisy2_asus_448770\/laptop_asus_vivobook_k3500pc_6_produktywnosc.jpg\" alt=\"Laptop ASUS VivoBook K3500PC - produktywno\u015b\u0107\" data-adafir-ll=\"1\" \/><\/p>\n<\/div>\n<\/div>\n<\/div>\n<div class=\"opis_market\">\n<div class=\"mainWidth_v\">\n<div class=\"prawa\">\n<h5>Zachowaj ch\u0142\u00f3d, zachowaj produktywno\u015b\u0107<\/h5>\n<p>Ciep\u0142o jest wrogiem wydajno\u015bci.\u00a0Vivobook Pro 15 OLED\u00a0zawsze zachowuje nisk\u0105 temperatur\u0119 dzi\u0119ki wysokiej wydajno\u015bci systemowi ch\u0142odzenia z dwoma wentylatorami. Ten\u00a0zaawansowany uk\u0142ad ch\u0142odzenia\u00a0gwarantuje, \u017ce Tw\u00f3j laptop zawsze pracuje w ch\u0142odzie, zapewniaj\u0105c Ci maksymaln\u0105 wydajno\u015b\u0107 ? w ka\u017cdym momencie i w ka\u017cdym miejscu. Technologia\u00a0ASUS IceCool Plus\u00a0maksymalizuje wydajno\u015b\u0107 nawet w smuk\u0142ej i lekkiej obudowie, a u\u017cytkownik ma do wyboru trzy profile wentylator\u00f3w w aplikacji\u00a0MyASUS\u00a0? w zale\u017cno\u015bci od indywidualnych potrzeb.<\/p>\n<p><img decoding=\"async\" class=\"has-lazy-load is-loaded\" src=\"https:\/\/www.mediaexpert.pl\/media\/cache\/resolve\/filemanager_original\/images\/descriptions\/images\/32\/3284938\/storage_app_opisy2_asus_448770\/laptop_asus_vivobook_k3500pc_7_icecool_plus.jpg\" alt=\"Laptop ASUS VivoBook K3500PC - IceCool Plus\" data-adafir-ll=\"1\" \/><\/p>\n<\/div>\n<\/div>\n<\/div>\n<div class=\"opis_market\">\n<div class=\"mainWidth_v\">\n<div class=\"prawa\">\n<h5>Wszystkie potrzebne po\u0142\u0105czenia<\/h5>\n<p>Vivobook Pro 15 OLED\u00a0zapewnia Ci optymaln\u0105 \u0142\u0105czno\u015b\u0107 dzi\u0119ki kompletnej gamie port\u00f3w wej\u015bcia\/wyj\u015bcia, w tym\u00a0Thunderbolt 4 USB-C, do kt\u00f3rego mo\u017cna pod\u0142\u0105cza\u0107 przewody dowoln\u0105 stron\u0105 wtyczki, portom\u00a0USB 3.2 Gen 1 Type-A i USB 2.0, a tak\u017ce port\u00a0HDMI\u00a0i\u00a0czytnik kart microSD. Dzi\u0119ki temu mo\u017cesz \u0142atwo pod\u0142\u0105czy\u0107 swoje najnowsze urz\u0105dzenia peryferyjne, monitory lub projektory ? bez \u017cadnych problem\u00f3w. Dodatkowo obs\u0142uga technologii\u00a0Thunderbolt 4 USB-C Easy Charge\u00a0oznacza, \u017ce mo\u017cesz u\u017cywa\u0107 swojego laptopa\u00a0Vivobook Pro 15 OLED\u00a0wraz z szerok\u0105 gam\u0105 standardowych \u0142adowarek USB-C o napi\u0119ciu 5?20 V. B\u0119dziesz wygodnie korzysta\u0107 z ultraszybkiego \u0142adowania za pomoc\u0105 dowolnej \u0142adowarki z certyfikacj\u0105 obs\u0142ugi technologii\u00a0Power Delivery, w tym tak\u017ce zawartej w pakiecie szybkiej \u0142adowarki ASUS o mocy do 120 W.<\/p>\n<p><img decoding=\"async\" class=\"has-lazy-load is-loaded\" src=\"https:\/\/www.mediaexpert.pl\/media\/cache\/resolve\/filemanager_original\/images\/descriptions\/images\/32\/3284938\/storage_app_opisy2_asus_448770\/laptop_asus_vivobook_k3500pc_8_thunderbolt_4_usb_c.jpg\" alt=\"Laptop ASUS VivoBook K3500PC - Thunderbolt 4 USB-C \" data-adafir-ll=\"1\" \/><\/p>\n<\/div>\n<\/div>\n<\/div>\n<div class=\"opis_market\">\n<div class=\"mainWidth_v\">\n<div class=\"prawa\">\n<h5>D\u017awi\u0119k jako\u015bci premium, kt\u00f3ry Ci\u0119 zachwyci<\/h5>\n<p>D\u017awi\u0119k w\u00a0Vivobook Pro 15 OLED\u00a0jest certyfikowany przez firm\u0119\u00a0Harman Kardon. Korzystaj\u0105c z\u00a0Vivobooka Pro 15 OLED, Twoje filmy i gry nabieraj\u0105 realizmu z doskona\u0142ym, immersyjnym d\u017awi\u0119kiem.<\/p>\n<p><img decoding=\"async\" class=\"has-lazy-load is-loaded\" src=\"https:\/\/www.mediaexpert.pl\/media\/cache\/resolve\/filemanager_original\/images\/descriptions\/images\/32\/3284938\/storage_app_opisy2_asus_448770\/laptop_asus_vivobook_k3500pc_9_harman_kardon.jpg\" alt=\"Laptop ASUS VivoBook K3500PC - Harman Kardon\" data-adafir-ll=\"1\" \/><\/p>\n<\/div>\n<\/div>\n<\/div>\n<div class=\"opis_market\">\n<div class=\"mainWidth_v\">\n<div class=\"prawa\">\n<h5>Nagroda Reddot<\/h5>\n<p>Laptop\u00a0Asus Vivobook Pro 15 OLED\u00a0w roku 2021 zosta\u0142 wyr\u00f3\u017cniony presti\u017cow\u0105 nagrod\u0105\u00a0Reddot.<\/p>\n<p><img decoding=\"async\" class=\"has-lazy-load is-loaded\" src=\"https:\/\/www.mediaexpert.pl\/media\/cache\/resolve\/filemanager_original\/images\/descriptions\/images\/32\/3284938\/storage_app_opisy2_asus_448770\/laptop_asus_vivobook_k3500pc_nagroda.jpg\" alt=\"Nagroda Reddot\" data-adafir-ll=\"1\" \/><\/p>\n<\/div>\n<\/div>\n<\/div>\n<div class=\"opis_market\">\n<div class=\"mainWidth_v\">\n<div class=\"prawa\">\n<h5>Bezp\u0142atne uaktualnienie do Windows 11<\/h5>\n<p>Uaktualnienie do systemu\u00a0Windows 11\u00a0b\u0119dzie udost\u0119pniane na kwalifikuj\u0105cych si\u0119 urz\u0105dzeniach na prze\u0142omie 2021 i 2022 roku. Termin r\u00f3\u017cni si\u0119 w zale\u017cno\u015bci od urz\u0105dzenia. Niekt\u00f3re funkcje wymagaj\u0105 okre\u015blonego sprz\u0119tu.<\/p>\n<p>Windows 11\u00a0to nie tylko nowe menu Start czy pasek zada\u0144. Ten nowy, innowacyjny system zaskoczy Ci\u0119 swoj\u0105 szybko\u015bci\u0105 i zoptymalizowanym dzia\u0142aniem. Nowe, wielozadaniowe narz\u0119dzia, takie jak\u00a0Uk\u0142ady przyci\u0105gania, Pulpity i intuicyjna funkcja dokowania\u00a0sprawi\u0105, \u017ce Twoje ulubione aplikacje b\u0119d\u0105 dzia\u0142a\u0142y tak p\u0142ynnie, jak nigdy dot\u0105d. Za jednym klikni\u0119ciem mo\u017cesz przej\u015b\u0107 do czatowania, rozm\u00f3w g\u0142osowych i wideo z najbli\u017cszymi &#8211; niezale\u017cnie od platformy, z kt\u00f3rej korzystaj\u0105. Zastosowane nowinki technologiczne\u00a0podkr\u0119caj\u0105 wydajno\u015b\u0107 gier\u00a0i gwarantuj\u0105 niezapomniane wra\u017cenia z rozgrywki.<\/p>\n<\/div>\n<\/div>\n<\/div>\n<div class=\"opis_market\">\n<div class=\"mainWidth_v\">\n<h5><\/h5>\n<\/div>\n<\/div>\n<\/td>\n<\/tr>\n<\/tbody>\n<\/table>\n<div class=\"desc-items\">\n<div class=\"row\">\n<div class=\"text col-sm-10 text-left\">\n<div>\n<div class=\"text col-sm-10 text-left\">\n<div><\/div>\n<\/div>\n<\/div>\n<\/div>\n<\/div>\n<\/div>\n<div class=\"desc-items\">\n<div class=\"row\">\n<div class=\"text col-sm-10 text-left\">\n<div>\n<p>&nbsp;<\/p>\n<\/div>\n<\/div>\n<\/div>\n<\/div>\n","protected":false},"excerpt":{"rendered":"<p>Wyra\u017a swoj\u0105 kreatywn\u0105 wizj\u0119 Dla kogo jest przeznaczony? DLA TW\u00d3RC\u00d3W\u00a0&#8211; Du\u017cy ekran, pe\u0142ne spektrum wy\u015bwietlanych barw i wysoka wydajno\u015b\u0107 gwarantuj\u0105 bezproblemowe dzia\u0142anie program\u00f3w graficznych i wielu innych. DLA SPECJALIST\u00d3W IT\u00a0&#8211; Wydajna karta graficzna i szybki procesor sprawdz\u0105 si\u0119 w pracy na du\u017cych plikach i bazach danych. Odkryj now\u0105 wizj\u0119 \u015bwiata Rozszerz swoj\u0105 wizj\u0119 i ciesz [&hellip;]<\/p>\n","protected":false},"featured_media":99,"template":"","meta":[],"product_cat":[52],"product_tag":[53,54],"_links":{"self":[{"href":"https:\/\/sklepik.rayo.pl\/index.php?rest_route=\/wp\/v2\/product\/80"}],"collection":[{"href":"https:\/\/sklepik.rayo.pl\/index.php?rest_route=\/wp\/v2\/product"}],"about":[{"href":"https:\/\/sklepik.rayo.pl\/index.php?rest_route=\/wp\/v2\/types\/product"}],"wp:featuredmedia":[{"embeddable":true,"href":"https:\/\/sklepik.rayo.pl\/index.php?rest_route=\/wp\/v2\/media\/99"}],"wp:attachment":[{"href":"https:\/\/sklepik.rayo.pl\/index.php?rest_route=%2Fwp%2Fv2%2Fmedia&parent=80"}],"wp:term":[{"taxonomy":"product_cat","embeddable":true,"href":"https:\/\/sklepik.rayo.pl\/index.php?rest_route=%2Fwp%2Fv2%2Fproduct_cat&post=80"},{"taxonomy":"product_tag","embeddable":true,"href":"https:\/\/sklepik.rayo.pl\/index.php?rest_route=%2Fwp%2Fv2%2Fproduct_tag&post=80"}],"curies":[{"name":"wp","href":"https:\/\/api.w.org\/{rel}","templated":true}]}}